CRAN Package Check Results for Package ACD

Last updated on 2021-11-29 20:50:34 CET.

Flavor Version Tinstall Tcheck Ttotal Status Flags
r-devel-linux-x86_64-debian-clang 1.5.3 8.11 32.29 40.40 NOTE
r-devel-linux-x86_64-debian-gcc 1.5.3 6.88 40.83 47.71 NOTE
r-devel-linux-x86_64-fedora-clang 1.5.3 84.76 NOTE
r-devel-linux-x86_64-fedora-gcc 1.5.3 87.53 NOTE
r-devel-windows-x86_64-new-UL 1.5.3 8.00 70.00 78.00 NOTE
r-devel-windows-x86_64-new-TK 1.5.3 NOTE
r-devel-windows-x86_64-old 1.5.3 14.00 57.00 71.00 NOTE
r-patched-linux-x86_64 1.5.3 8.09 29.76 37.85 NOTE
r-patched-solaris-x86 1.5.3 96.00 NOTE
r-release-linux-x86_64 1.5.3 7.96 28.95 36.91 NOTE
r-release-macos-arm64 1.5.3 NOTE
r-release-macos-x86_64 1.5.3 NOTE
r-release-windows-ix86+x86_64 1.5.3 15.00 66.00 81.00 NOTE
r-oldrel-macos-x86_64 1.5.3 NOTE
r-oldrel-windows-ix86+x86_64 1.5.3 11.00 66.00 77.00 NOTE

Check Details

Version: 1.5.3
Check: DESCRIPTION meta-information
Result: NOTE
    Malformed Description field: should contain one or more complete sentences.
Flavors: r-devel-linux-x86_64-debian-clang, r-devel-linux-x86_64-debian-gcc, r-devel-linux-x86_64-fedora-clang, r-devel-linux-x86_64-fedora-gcc, r-devel-windows-x86_64-new-UL, r-devel-windows-x86_64-new-TK, r-devel-windows-x86_64-old, r-patched-linux-x86_64, r-patched-solaris-x86, r-release-linux-x86_64, r-release-macos-arm64, r-release-macos-x86_64, r-release-windows-ix86+x86_64, r-oldrel-macos-x86_64, r-oldrel-windows-ix86+x86_64

Version: 1.5.3
Check: R code for possible problems
Result: NOTE
    print.funlinWLS: no visible global function definition for 'pchisq'
    print.linML: no visible global function definition for 'pchisq'
    print.loglinML: no visible global function definition for 'pchisq'
    print.satMarML: no visible global function definition for 'pchisq'
    print.satMcarWLS: no visible global function definition for 'pchisq'
    summary.funlinWLS: no visible global function definition for 'pchisq'
    summary.linML: no visible global function definition for 'pchisq'
    summary.loglinML: no visible global function definition for 'pchisq'
    summary.satMarML: no visible global function definition for 'pchisq'
    summary.satMcarWLS: no visible global function definition for 'pchisq'
    summary.waldTest: no visible global function definition for 'pchisq'
    Undefined global functions or variables:
     pchisq
    Consider adding
     importFrom("stats", "pchisq")
    to your NAMESPACE file.
Flavors: r-devel-linux-x86_64-debian-clang, r-devel-linux-x86_64-debian-gcc, r-devel-linux-x86_64-fedora-clang, r-devel-linux-x86_64-fedora-gcc, r-devel-windows-x86_64-new-UL, r-devel-windows-x86_64-new-TK, r-devel-windows-x86_64-old, r-patched-linux-x86_64, r-patched-solaris-x86, r-release-linux-x86_64, r-release-macos-arm64, r-release-macos-x86_64, r-release-windows-ix86+x86_64, r-oldrel-macos-x86_64, r-oldrel-windows-ix86+x86_64