CRAN Package Check Results for Package ABHgenotypeR

Last updated on 2021-11-30 19:51:15 CET.

Flavor Version Tinstall Tcheck Ttotal Status Flags
r-devel-linux-x86_64-debian-clang 1.0.1 4.91 62.68 67.59 NOTE
r-devel-linux-x86_64-debian-gcc 1.0.1 3.67 44.81 48.48 NOTE
r-devel-linux-x86_64-fedora-clang 1.0.1 90.53 NOTE
r-devel-linux-x86_64-fedora-gcc 1.0.1 87.56 NOTE
r-devel-windows-x86_64-new-UL 1.0.1 11.00 122.00 133.00 NOTE
r-devel-windows-x86_64-new-TK 1.0.1 NOTE
r-devel-windows-x86_64-old 1.0.1 9.00 77.00 86.00 NOTE
r-patched-linux-x86_64 1.0.1 4.18 55.33 59.51 NOTE
r-patched-solaris-x86 1.0.1 85.40 NOTE
r-release-linux-x86_64 1.0.1 4.33 56.11 60.44 NOTE
r-release-macos-arm64 1.0.1 NOTE
r-release-macos-x86_64 1.0.1 NOTE
r-release-windows-ix86+x86_64 1.0.1 14.00 78.00 92.00 NOTE
r-oldrel-macos-x86_64 1.0.1 OK
r-oldrel-windows-ix86+x86_64 1.0.1 9.00 61.00 70.00 OK

Check Details

Version: 1.0.1
Check: LazyData
Result: NOTE
     'LazyData' is specified without a 'data' directory
Flavors: r-devel-linux-x86_64-debian-clang, r-devel-linux-x86_64-debian-gcc, r-devel-linux-x86_64-fedora-clang, r-devel-linux-x86_64-fedora-gcc, r-devel-windows-x86_64-new-UL, r-devel-windows-x86_64-new-TK, r-devel-windows-x86_64-old, r-patched-linux-x86_64, r-patched-solaris-x86, r-release-linux-x86_64, r-release-macos-arm64, r-release-macos-x86_64, r-release-windows-ix86+x86_64