CRAN Package Check Results for Package AATtools

Last updated on 2021-09-20 08:50:00 CEST.

Flavor Version Tinstall Tcheck Ttotal Status Flags
r-devel-linux-x86_64-debian-clang 0.0.1 6.49 52.71 59.20 OK
r-devel-linux-x86_64-debian-gcc 0.0.1 4.31 39.04 43.35 OK
r-devel-linux-x86_64-fedora-clang 0.0.1 78.61 OK
r-devel-linux-x86_64-fedora-gcc 0.0.1 65.46 OK
r-devel-windows-x86_64 0.0.1 8.00 59.00 67.00 OK
r-devel-windows-x86_64-gcc10-UCRT 0.0.1 ERROR
r-patched-linux-x86_64 0.0.1 5.53 53.24 58.77 OK
r-patched-solaris-x86 0.0.1 95.30 OK
r-release-linux-x86_64 0.0.1 5.53 51.00 56.53 OK
r-release-macos-arm64 0.0.1 OK
r-release-macos-x86_64 0.0.1 OK
r-release-windows-ix86+x86_64 0.0.1 13.00 85.00 98.00 OK
r-oldrel-macos-x86_64 0.0.1 OK
r-oldrel-windows-ix86+x86_64 0.0.1 13.00 54.00 67.00 OK

Check Details

Version: 0.0.1
Check: whether package can be installed
Result: WARN
    Found the following significant warnings:
     WARNING: installation-time patches will not be applied, could not get the patches index
Flavor: r-devel-windows-x86_64-gcc10-UCRT

Version: 0.0.1
Check: PDF version of manual
Result: WARN
    LaTeX errors when creating PDF version.
    This typically indicates Rd problems.
Flavor: r-devel-windows-x86_64-gcc10-UCRT

Version: 0.0.1
Check: PDF version of manual without hyperrefs or index
Result: ERROR
    Re-running with no redirection of stdout/stderr.
Flavor: r-devel-windows-x86_64-gcc10-UCRT