CRAN Package Check Results for Package tokenizers

Last updated on 2021-01-26 07:50:31 CET.

Flavor Version Tinstall Tcheck Ttotal Status Flags
r-devel-linux-x86_64-debian-clang 0.2.1 31.03 41.98 73.01 OK
r-devel-linux-x86_64-debian-gcc 0.2.1 18.98 32.88 51.86 OK
r-devel-linux-x86_64-fedora-clang 0.2.1 105.81 NOTE
r-devel-linux-x86_64-fedora-gcc 0.2.1 87.54 NOTE
r-devel-windows-ix86+x86_64 0.2.1 69.00 91.00 160.00 OK
r-patched-linux-x86_64 0.2.1 25.06 40.31 65.37 OK
r-patched-solaris-x86 0.2.1 103.60 NOTE
r-release-linux-x86_64 0.2.1 24.45 40.37 64.82 OK
r-release-macos-x86_64 0.2.1 NOTE
r-release-windows-ix86+x86_64 0.2.1 70.00 72.00 142.00 OK
r-oldrel-macos-x86_64 0.2.1 NOTE
r-oldrel-windows-ix86+x86_64 0.2.1 55.00 88.00 143.00 OK

Check Details

Version: 0.2.1
Check: data for non-ASCII characters
Result: NOTE
     Note: found 1 marked UTF-8 string
Flavors: r-devel-linux-x86_64-fedora-clang, r-devel-linux-x86_64-fedora-gcc, r-patched-solaris-x86, r-release-macos-x86_64, r-oldrel-macos-x86_64