Last updated on 2021-01-26 07:50:09 CET.
Flavor | Version | Tinstall | Tcheck | Ttotal | Status | Flags |
---|---|---|---|---|---|---|
r-devel-linux-x86_64-debian-clang | 1.1.4 | 5.35 | 27.25 | 32.60 | NOTE | |
r-devel-linux-x86_64-debian-gcc | 1.1.4 | 3.58 | 21.55 | 25.13 | NOTE | |
r-devel-linux-x86_64-fedora-clang | 1.1.4 | 50.90 | NOTE | |||
r-devel-linux-x86_64-fedora-gcc | 1.1.4 | 38.44 | NOTE | |||
r-devel-windows-ix86+x86_64 | 1.1.4 | 15.00 | 46.00 | 61.00 | OK | |
r-patched-linux-x86_64 | 1.1.4 | 4.63 | 26.37 | 31.00 | NOTE | |
r-patched-solaris-x86 | 1.1.4 | 55.00 | NOTE | |||
r-release-linux-x86_64 | 1.1.4 | 4.33 | 26.20 | 30.53 | NOTE | |
r-release-macos-x86_64 | 1.1.4 | OK | ||||
r-release-windows-ix86+x86_64 | 1.1.4 | 13.00 | 44.00 | 57.00 | OK | |
r-oldrel-macos-x86_64 | 1.1.4 | OK | ||||
r-oldrel-windows-ix86+x86_64 | 1.1.4 | 13.00 | 62.00 | 75.00 | OK |
Version: 1.1.4
Check: for non-standard things in the check directory
Result: NOTE
Found the following files/directories:
'candidate_alignments.csv' 'open.with.excel.csv'
Flavors: r-devel-linux-x86_64-debian-clang, r-devel-linux-x86_64-debian-gcc, r-devel-linux-x86_64-fedora-clang, r-devel-linux-x86_64-fedora-gcc, r-patched-linux-x86_64, r-patched-solaris-x86, r-release-linux-x86_64