Last updated on 2021-01-26 07:50:25 CET.
Flavor | Version | Tinstall | Tcheck | Ttotal | Status | Flags |
---|---|---|---|---|---|---|
r-devel-linux-x86_64-debian-clang | 0.7.10 | 28.82 | 167.87 | 196.69 | NOTE | |
r-devel-linux-x86_64-debian-gcc | 0.7.10 | 22.86 | 125.48 | 148.34 | NOTE | |
r-devel-linux-x86_64-fedora-clang | 0.7.10 | 246.62 | NOTE | |||
r-devel-linux-x86_64-fedora-gcc | 0.7.10 | 236.05 | NOTE | |||
r-devel-windows-ix86+x86_64 | 0.7.10 | 49.00 | 176.00 | 225.00 | NOTE | |
r-patched-linux-x86_64 | 0.7.10 | 18.47 | 154.81 | 173.28 | NOTE | |
r-patched-solaris-x86 | 0.7.10 | 342.30 | NOTE | |||
r-release-linux-x86_64 | 0.7.10 | 19.39 | 156.83 | 176.22 | NOTE | |
r-release-macos-x86_64 | 0.7.10 | NOTE | ||||
r-release-windows-ix86+x86_64 | 0.7.10 | 51.00 | 133.00 | 184.00 | NOTE | |
r-oldrel-macos-x86_64 | 0.7.10 | NOTE | ||||
r-oldrel-windows-ix86+x86_64 | 0.7.10 | 34.00 | 164.00 | 198.00 | NOTE |
Version: 0.7.10
Check: package dependencies
Result: NOTE
Package suggested but not available for checking: 'ROpenOffice'
Flavors: r-devel-linux-x86_64-debian-clang, r-devel-linux-x86_64-debian-gcc, r-devel-linux-x86_64-fedora-clang, r-devel-linux-x86_64-fedora-gcc, r-devel-windows-ix86+x86_64, r-patched-linux-x86_64, r-patched-solaris-x86, r-release-linux-x86_64, r-release-macos-x86_64, r-release-windows-ix86+x86_64, r-oldrel-macos-x86_64, r-oldrel-windows-ix86+x86_64